84
Calculate the highest common divisor of 22045815 and 585.
45
Calculate the greatest common factor of 42 and 1195005.
21
What is the highest common divisor of 14408418 and 870?
174
What is the highest common divisor of 7564 and 64191886?
3782
Calculate the highest common divisor of 3602010 and 5190.
30
What is the greatest common divisor of 53920728 and 52488?
1944
Calculate the highest common factor of 1091601068 and 2921.
2921
What is the greatest common factor of 1769774560 and 10628?
10628
What is the greatest common factor of 112434 and 9198?
42
Calculate the highest common divisor of 24472 and 121578.
46
What is the greatest common factor of 1334646 and 124126?
106
What is the highest common divisor of 2045494 and 88?
22
Calculate the greatest common factor of 339171 and 4772481.
651
Calculate the highest common factor of 23472 and 10077264.
144
Calculate the greatest common factor of 216454906 and 3148.
1574
Calculate the greatest common divisor of 210 and 97244640.
30
What is the greatest common factor of 196154 and 966?
14
What is the highest common divisor of 7602861 and 9447?
141
Calculate the greatest common factor of 594340 and 14580.
20
What is the greatest common divisor of 4452408 and 20736?
648
Calculate the highest common factor of 81400 and 35915.
55
Calculate the greatest common divisor of 483 and 73311.
21
What is the highest common factor of 10725 and 61399?
13
Calculate the greatest common factor of 132187191 and 87.
87
What is the highest common divisor of 7825 and 157725?
25
Calculate the greatest common factor of 47 and 103050743.
47
Calculate the greatest common divisor of 99962767 and 1.
1
What is the highest common factor of 1832 and 62056?
8
What is the greatest common factor of 436464 and 346752?
1008
Calculate the greatest common factor of 1081745 and 385.
35
What is the highest common divisor of 95 and 14700665?
5
What is the highest common divisor of 1572717 and 576762?
2973
What is the greatest common divisor of 100 and 81005200?
100
Calculate the greatest common divisor of 123592 and 40.
8
What is the highest common divisor of 2376333477 and 399?
399
Calculate the highest common factor of 22517386 and 74.
74
Calculate the highest common factor of 29155 and 10464265.
595
What is the greatest common factor of 276362140 and 2385?
265
Calculate the greatest common factor of 289454 and 210158.
118
Calculate the highest common divisor of 350922 and 101868.
78
Calculate the highest common divisor of 500 and 251050.
50
Calculate the greatest common divisor of 1483568 and 128.
16
What is the highest common factor of 3701 and 1018?
1
Calculate the highest common divisor of 2625 and 22669220.
35
Calculate the greatest common factor of 392 and 59835517.
49
Calculate the highest common divisor of 403 and 111440102.
31
What is the greatest common factor of 15387 and 618306079?
5129
Calculate the greatest common divisor of 145735460 and 65.
65
Calculate the highest common divisor of 7675536 and 17072.
176
What is the greatest common divisor of 5592325 and 16765?
2395
Calculate the greatest common divisor of 13734974 and 132.
22
Calculate the greatest common factor of 2493714 and 2370.
474
What is the highest common divisor of 81 and 338663079?
27
What is the greatest common factor of 592229050 and 350?
350
What is the greatest common factor of 17709510 and 73710?
2730
What is the greatest common factor of 32600 and 704486?
326
Calculate the highest common factor of 16617121 and 1676.
419
Calculate the greatest common factor of 7400322 and 3888.
486
Calculate the highest common divisor of 2510 and 54695912.
502
Calculate the highest common divisor of 29745697 and 76.
19
Calculate the highest common divisor of 4413342 and 6.
6
What is the highest common factor of 100 and 9350625?
25
Calculate the highest common divisor of 46709 and 114439.
13
Calculate the highest common factor of 11 and 9893917.
11
What is the highest common factor of 9697787 and 847?
121
Calculate the highest common factor of 87482761 and 2078.
1039
Calculate the highest common factor of 245 and 6160336.
7
What is the highest common divisor of 22234080 and 66?
66
What is the greatest common factor of 488429738 and 12524?
6262
What is the highest common factor of 5833521 and 72?
9
Calculate the highest common factor of 99944 and 4774744.
3224
Calculate the greatest common factor of 477 and 87397.
53
What is the greatest common factor of 405 and 953397?
27
What is the highest common divisor of 1967822101 and 287?
287
What is the greatest common divisor of 4509155 and 119?
7
Calculate the highest common factor of 36 and 41529375.
9
What is the highest common divisor of 207 and 916251?
69
What is the greatest common factor of 2431980 and 1035?
45
What is the highest common divisor of 350658 and 34362?
414
What is the greatest common divisor of 37873 and 276459128?
3443
What is the highest common divisor of 23389398 and 1782?
162
What is the greatest common divisor of 913682 and 1420265?
1309
Calculate the greatest common factor of 32 and 17055664.
16
What is the greatest common factor of 126859785 and 273?
39
Calculate the greatest common factor of 56 and 2451848.
56
What is the greatest common factor of 8256 and 28673472?
192
Calculate the highest common divisor of 1561 and 54334.
7
Calculate the highest common divisor of 24548 and 200906.
646
What is the greatest common factor of 3083574 and 390?
78
What is the greatest common factor of 1342 and 2880542?
122
What is the highest common divisor of 10033 and 992759?
127
What is the greatest common factor of 3798744 and 3237?
249
What is the greatest common divisor of 640963118 and 964?
482
What is the highest common factor of 1130791220 and 7951?
7951
What is the greatest common divisor of 1006106 and 92?
2
Calculate the greatest common factor of 2466444 and 84.
12
What is the highest common factor of 14 and 88257701?
7
Calculate the highest common divisor of 891 and 9787668.
33
What is the highest common divisor of 1852796 and 275?
11
What is the highest common divisor of 4364 and 224807096?
4364
What is the greatest common divisor of 4570 and 731967760?
4570
What is the greatest common divisor of 5 and 9772081?
1
What is the greatest common divisor of 215 and 7159715?
215
Calculate the highest common divisor of 9048 and 120614.
26
Calculate the highest common factor of 53700 and 54217668.
2148
What is the highest common divisor of 28201120 and 215?
215
Calculate the highest common factor of 213090310 and 3890.
3890
What is the highest common factor of 45744010 and 2024?
46
Calculate the greatest common factor of 156 and 12455937.
39
What is the greatest common factor of 1114503 and 16523?
533
What is the highest common factor of 59680340 and 1345?
1345
Calculate the highest common divisor of 183676 and 4998332.
3908
Calculate the greatest common factor of 36934768 and 2379.
793
Calculate the greatest common divisor of 62111 and 75145.
133
Calculate the highest common divisor of 22265 and 132349.
73
What is the greatest common factor of 65 and 286655?
5
What is the greatest common factor of 89749 and 92004?
451
What is the highest common factor of 768195 and 315?
45
Calculate the greatest common factor of 6508565525 and 2825.
2825
What is the greatest common factor of 4216 and 113424?
136
Calculate the greatest common divisor of 1194050152 and 23.
23
What is the highest common factor of 30015986 and 364?
182
Calculate the highest common factor of 232804 and 185.
37
What is the greatest common divisor of 124735 and 369265?
1235
Calculate the greatest common divisor of 1362713 and 148137.
737
What is the highest common divisor of 152019 and 49875?
399
What is the greatest common divisor of 15 and 762852855?
15
What is the greatest common factor of 7132 and 102996778?
3566
Calculate the greatest common factor of 672 and 1342152.
168
Calculate the greatest common factor of 189838 and 194744.
22
Calculate the greatest common divisor of 14400 and 203195700.
900
Calculate the greatest common factor of 505998472 and 119.
119
What is the greatest common divisor of 66048 and 23527536?
2064
What is the greatest common divisor of 312 and 136674408?
312
What is the highest common factor of 424482 and 1440714?
1578
C